ulate a(r).
6
Suppose 2*s - 4*u = -0*s, 0 = -s + 3*u + 2. Suppose -v = -2*o + 6, 0 = 3*v - v. Let y(p) = 2 - p**2 - 4*p**2 - 8*p + 3*p - p**o. Calculate y(s).
6
Let m(d) = -3*d + 1. Suppose 10*b + 34 = 3*a + 5*b, 5*a + 4*b + 5 = 0. Suppose -3*w + 19 = w + a*j, 5*w = -j + 10. Calculate m(w).
-2
Let m(p) be the third derivative of p**4/8 - p**3/3 + p**2. Suppose 30 = 5*q - 0. Suppose y + 2*y = -q. Calculate m(y).
-8
Let o(g) = -5*g. Suppose -2*s = -i + 7, -3*s + 5*i = 10*i - 9. Calculate o(s).
10
Let v = -3 + 5. Let f be (-6)/(-4)*(-2)/(-3). Let t(d) = -3*d + f + d - d**3 + 0*d + 2*d**2. Calculate t(v).
-3
Let f(i) = 20*i - 6. Let r(y) = -7*y + 2. Let x(o) = -3*f(o) - 8*r(o). Determine x(-2).
10
Let z(p) = p**3 - 6*p**2 + 6*p - 7. Let n be z(5). Let s be n/((-5)/((-45)/(-6))). Let h(j) = -j**s - 1 - j + 3*j**2 + 4*j**3 - 4*j**3. Calculate h(2).
1
Let l be ((-1)/3)/(7/(-21)). Let o(r) = 0*r**2 + 64*r**3 - 57*r**3 + 0*r**2. Calculate o(l).
7
Let y(z) = -z**3 - 10*z**2 + 12*z - 14. Let i(f) = f**3 + 10*f**2 - 13*f + 14. Let n(a) = 3*i(a) + 4*y(a). Calculate n(-11).
8
Let a be 6 + 0/3 - 3. Let f(k) = a*k**2 + 2 - 6*k**2 - k - 2. Calculate f(2).
-14
Let m(h) be the first derivative of 4 + 3*h - 1/2*h**2. Calculate m(4).
-1
Let d(i) be the third derivative of i**6/120 - i**5/12 + 5*i**4/24 + i**3/2 + i**2. Let z(o) = o**2 - 10*o + 13. Let j be z(9). Calculate d(j).
7
Let y(k) = -6*k - 6. Let q be y(6). Let o be q/(-11) + (-10)/(-55). Let t(b) = -2*b**2 + 5*b. Let m(f) = f**2 - 2*f. Let j(p) = 5*m(p) + 3*t(p). Calculate j(o).
4
Let f(o) = -3*o + 3. Let l(a) = a. Suppose 4*j = 4*w + 16, 0*w = -w. Let t(h) = j*l(h) + f(h). What is t(5)?
8
Let a(z) = -3*z**3 + 2*z**2 - 2*z + 1. Suppose 7*x + 12 = 4*x. Let y be 4/6 + x/(-12). Determine a(y).
-2
Let p = 45 + -43. Let x(b) = -2*b**3 - b**2 + b. Determine x(p).
-18
Suppose -7 = -a + 3. Suppose 0 = -3*v - 5*l + 30, -v - 6*l + l = -a. Let c(k) = v - k + 3*k - 3*k. What is c(5)?
5
Let r(k) = 2 - 9 - k + 0*k. Let c = 20 - 14. Suppose -g + 2*m - 2 = 0, g - m - 5 = -c. Give r(g).
-7
Let g = 22 - 21. Let n(i) = -3*i**2 - 2*i + 1. Calculate n(g).
-4
Let a = -1 - -1. Suppose 1 + 3 = 4*b. Let x(r) = -r + 8. Let j(u) = 1. Let d(c) = b*x(c) - 5*j(c). Calculate d(a).
3
Suppose -3*j - 97 = -82. Let t(i) be the first derivative of 5/2*i**2 + 0*i - 1 + 2*i**3 + 1/4*i**4. What is t(j)?
0
Suppose 0 = -2*l + 5*l. Let j(g) be the third derivative of l*g + 0*g**4 - 2*g**2 + 0 + 0*g**3 + 1/30*g**5. Calculate j(-2).
8
Let z(w) = 7*w - 4*w**2 - 2*w**2 - 4*w**2 + 9*w**2. Calculate z(6).
6
Let q be (-10)/(-4)*(-3 + 1). Let c(t) = -11*t**2 - 19*t + 12. Let x(y) = 5*y**2 + 9*y - 6. Let n(u) = 4*c(u) + 9*x(u). Determine n(q).
-6
Suppose 8*w = 5*w + 3. Let n(y) = 5*y**2 - 1. Calculate n(w).
4
Let l(f) = -f**3 + f**2 - 5*f + 5. Let j(q) = q**3 + 6*q - 6. Let c(k) = -4*j(k) - 5*l(k). Calculate c(5).
4
Let h(g) = -g**2 - 9*g + 30. Let t be h(-12). Let z(c) = -c + 7. Calculate z(t).
13
Let y(m) = 3*m**2. Let k(x) = -x**3 - x**2. Let s(o) = 3*k(o) + y(o). Calculate s(1).
-3
Let n(f) = -f - 7. Let d(u) = u**2 - 3*u - 1. Let m be d(4). Let c(t) = 4*t + m*t + 2 - 6*t. Let b be c(-6). Give n(b).
-3
Let t(v) be the second derivative of 1/3*v**3 + 1/12*v**4 + v + 3/2*v**2 + 0. Determine t(-3).
6
Suppose 4*t - t = 9. Let g(k) be the first derivative of -k**2 + 4*k - 2. What is g(t)?
-2
Let s(a) = -2*a - 5. Let u(h) = -5*h - 11. Let f(y) = 7*s(y) - 3*u(y). Suppose -j - 5 = -c, -j - 4*c = 34 - 4. Let p = 14 + j. Give f(p).
2
Let f(x) = 5*x + 4. Let a = 5 + -9. Calculate f(a).
-16
Let b(f) = 3*f**2 + f - 11. Let w(y) = y**2 + y - 5. Let z(m) = 2*b(m) - 5*w(m). Let j be 162/(-9)*2/(-6). Suppose -4*a = -10 - j. Calculate z(a).
7
Let m(s) = -2*s - 7. Let y be m(-5). Suppose 2 = -y*a + 11. Let q(x) = 7*x**a - x + 0*x - x**3. What is q(-1)?
-5
Let h(n) = n**2 + 10*n + 18. Let s be h(-8). Let r(l) = -2 + l**2 - l - l + 4*l. Calculate r(s).
6
Suppose 5*t + 2*a - 33 = 0, -2*t - t - 3*a + 18 = 0. Let x(o) = o**3 - 6*o**2 - 8*o + 3. What is x(t)?
-4
Let z = 8 - 4. Suppose -5*a = -3*s - 18, -z*s + 8 = -4*a + 24. Let y(i) = i - 3 + i**3 + a*i - 2*i + 3*i**2 + 6. Give y(-2).
3
Let r(o) be the first derivative of -o**4/12 - 5*o**3/6 + 2*o**2 + 4*o - 1. Let x(n) be the first derivative of r(n). Calculate x(-5).
4
Let w(o) = -o**3 - o - 2. Let r be w(0). Suppose 0 = -2*z + z. Let b = z + r. Let u(p) = -p**3 + p - 1. Calculate u(b).
5
Let u(a) = 5*a**3 + 41*a**2 - 9*a - 13. Let v(t) = -t**3 - 10*t**2 + 2*t + 3. Let c(j) = 2*u(j) + 9*v(j). Calculate c(8).
1
Let w be (3 - (-22)/(-4))*-44. Let r be 2/11 + (-460)/w. Let c(f) = f**2 + 2*f - 1. Give c(r).
7
Let f(m) be the first derivative of -m**7/420 - m**6/360 - m**5/120 + m**4/24 - 4*m**3/3 + 3. Let x(r) be the third derivative of f(r). Calculate x(1).
-3
Let t(o) = 1. Let q(j) = 4*j + 18. Let h(c) = 2*q(c) - 36*t(c). Let a be ((-4)/3)/(4/(-12)). Let d = 5 - a. Give h(d).
8
Suppose -4*p - 2*s + 4*s + 48 = 0, -31 = -3*p - s. Suppose 0*g + 3*g + p = -4*y, 4*g = 12. Let l(h) = -h**2 - 7*h - 6. Determine l(y).
4
Let n = 0 + 3. Let h(f) = -f - 2 - f - n. Calculate h(-5).
5
Suppose -4*y = -5*y - 2. Let p(f) be the second derivative of 1/2*f**2 + 1/3*f**3 - f + 0. Give p(y).
-3
Let u(p) = -6 + 0 + 2 - 10*p + 5. Let r(o) = -o + 8. Let k be r(4). Suppose -k = -3*f + s, -2 + 5 = -3*s. Give u(f).
-9
Let r(f) = 13*f**2 - 5. Let k(u) = -53*u**2 + 20. Let c(w) = 2*k(w) + 9*r(w). Let t(s) = s**2 - 1. Let g(p) = 2*c(p) - 10*t(p). Give g(-1).
12
Let q(f) = -2*f**2 + f + 1. Let s be 1 + -1 - 0 - -2. Calculate q(s).
-5
Let i(d) = 2*d**2 + 3*d - 3. Let v be (-1)/(0 + (-1)/5). Suppose 2 + 13 = -v*u. Give i(u).
6
Let q(j) = -6*j + 14*j - 7*j + 5. Give q(0).
5
Let l(g) = g - 2. Let z = 2 - -5. Let o = 8 - z. Give l(o).
-1
Let x be (-8)/((-16)/(-4))*(1 + 1). Let y(p) = -p**3 - 3*p**2 + 5. Give y(x).
21
Let n(f) = 12*f**2 - f + 7. Let w(u) = 6*u**2 - u + 4. Let p(b) = -3*n(b) + 5*w(b). Suppose 8*g + 6 = 2*g. What is p(g)?
-5
Let o(p) = 7*p**3 + 7*p**2 + 12*p - 3. Let v(i) = -3*i**3 - 4*i**2 - 6*i + 1. Let t(a) = 2*o(a) + 5*v(a). What is t(-4)?
-9
Let q = -8 - -12. Let z be (-50)/30*(-6)/2. Let n(u) = -5*u**2 + u**3 - z + u + u + 3*u. Determine n(q).
-1
Let j(a) = -5*a + 9. Let m(o) = -2*o + 3. Let q(w) = 3*j(w) - 8*m(w). Let r(d) = d**2 + 1. Let v be r(4). Suppose -v = -3*b - 2. What is q(b)?
8
Let t(m) = -m**3 - 11*m**2 - 9*m - 1. Let p be (-2 + -2)*20/8. Give t(p).
-11
Suppose 2*z = 4 + 14. Let t = -6 + z. Let l(h) = -2 - t - h**2 + 2*h**2 + 0*h**2 - h. Calculate l(0).
-5
Let m(f) = 2*f**2 + 21*f - 9. Let c be m(-11). Let i(t) = -3*t**2 - 4*t + 3. Let u(k) = -2*k**2 - 3*k**2 + 6*k**2. Let x(z) = i(z) + 4*u(z). Calculate x(c).
-1
Let b(f) = f**3 - 5*f**2 + 6*f - 4. Let k be b(4). Suppose -z + k = 3*z. Let c(u) = -3*u**3 + u**2 - 2*u + 1. Determine c(z).
-3
Let m(x) = x**2 + 5*x + 2. Let v be (-1)/1 + (-1 - 2). Give m(v).
-2
Let o(q) = -2*q**3 + q**2 + 4*q - 3. Let n(z) = z - 1. Let c be -2 - ((-1)/(-1) + 0). Let a(i) = c*n(i) + o(i). Let s be 4*-1 + 3 + 3. What is a(s)?
-10
Let f(g) = g**2 + 1 + 1 + 4*g + 2*g - 4*g. Let o = -1 - -2. Let t be (2 - 2) + (o - 3). Give f(t).
2
Let o(j) be the third derivative of j**4/8 + 3*j**3/2 + j**2. Suppose 24 + 0 = -3*a. Let u(x) = -5*x - 13. Let y(f) = a*o(f) - 5*u(f). Give y(0).
-7
Let s(c) = -c**3 - c**2 + 1. Let x be s(-2). Suppose 4*t = -0*t - 4*j + 4, 3 = -t - x*j. Let o(l) = 1 - 2 + l - l**3 + 4*l**2 - t*l. Calculate o(3).
5
Let g(t) be the third derivative of 1/60*t**5 - 7/6*t**3 - 2*t**2 - 1/12*t**4 + 0 + 0*t. Suppose -26 = -4*f + 3*b, -f + 4*b + 13 = -0*b. Give g(f).
8
Let l(p) = 2*p - 3. Let c = -23 - -28. Give l(c).
7
Let m(b) = -b**3 + b**2 - 3*b + 1. Let o = 111 - 109. Determine m(o).
-9
Let g(c) = -c. Let y = -3 + 2. Let s be -1 - (y - (-1 - -1)). Suppose -4*b - 3*h - 22 = 0, s*b - b + h = 2. What is g(b)?
4
Let j(d) = -2*d**3 + 5*d**2 + 6*d. Let o(f) = -5*f**3 + 14*f**2 + 17*f. Let z(r) = -8*j(r) + 3*o(r). Calculate z(-2).
-6
Let p be 1/(1*(-2)/(-2)). Suppose 3*o + 6 = 3*j + 3, 3*o - j - 5 = 0. Let i(h) = -p - h + 3 - o. Determine i(0).
-1
Let o(i) = -i + 4 + 7 - 7. Give o(5).
-1
Suppose -2*b + 1 = -5*h, -b - h - 3*h + 7 = 0. Let m(l) = -3 + b - l. Suppose -x = -9*q + 5*q, -x - 3*q + 7 = 0